 - 47*x - 775. List the prime factors of i(-26).
1123
What are the prime factors of 1713*((-5)/25 + 583/165)?
2, 5, 571
Let v(i) = 5*i + 1. Let n be v(2). Suppose -275 = 6*j - n*j. Suppose 2*o + j = 295. List the prime factors of o.
2, 3, 5
List the prime factors of (10 + (-32)/3)/(8/(-54528)).
2, 71
Suppose -5*i - 2*b + 2940 = 0, -2*i + 0*b = 4*b - 1176. Suppose -5*s = 4*a - s - i, -a + 148 = 2*s. What are the prime factors of a?
2, 73
Let f(g) = 54*g**2 - 17*g + 4. Let a(v) = 2*v. Let t(m) = 18*a(m) + 2*f(m). List the prime factors of t(-2).
2, 109
What are the prime factors of (-3 - -1325 - 6)/((-25)/(-475))?
2, 7, 19, 47
Let k(x) = x**3 - 8*x**2 - 30*x - 25. List the prime factors of k(25).
2, 5, 197
Let w be 3 + -3 - (-83 - 3). Suppose -w*a - 4 = -88*a. Suppose -168 - 368 = -4*c - 5*l, a*l = -8. List the prime factors of c.
139
Let q(p) = -1998*p**3 + 3*p**2 + 27*p + 61. What are the prime factors of q(-2)?
13, 1231
Suppose 2*t + 66 = 4. Let u be 5 - 0 - t - -4. Let o = 168 - u. List the prime factors of o.
2
List the prime factors of (-4926)/(-3)*1 - (-32 - -24).
2, 3, 5, 11
Suppose 0*j - 7*j = 0. Suppose j = -5*h - 0*h + 15. Suppose 3*c + 0*d + d = 265, c + h*d - 99 = 0. What are the prime factors of c?
3, 29
Let b = 150 + 27. What are the prime factors of b?
3, 59
Let z(a) = 7*a**2 - 11*a - 3. Let w be z(4). Let l = 230 - w. What are the prime factors of l?
3, 5, 11
Suppose -5*h + 53621 = g, 338*g - 343*g = -2*h - 268186. List the prime factors of g.
2, 11, 23, 53
Let q(w) = -528*w - 2408. List the prime factors of q(-15).
2, 13, 53
Let i be 0 + -2 + (1 - -11). Let q(k) be the third derivative of k**5/60 - k**4/8 + 3*k**3/2 + k**2 + 7*k. What are the prime factors of q(i)?
79
Suppose -h + 45907 = 3*k + 16841, 0 = k + 4*h - 9674. What are the prime factors of k?
2, 3, 5, 17, 19
What are the prime factors of (-2)/(-10) - (-343220)/25 - (-53 + 53)?
13729
Let f(i) = 41*i - 2. Let z(m) = -m**2 + 11*m - 7. Let y be z(10). Suppose 5 = w + 2*x, x = -5*w + y*x + 1. List the prime factors of f(w).
3, 13
Let j = -43 + 46. Suppose -513 = j*x - 4*x. Suppose -3*p = -12*p + x. List the prime factors of p.
3, 19
Let c = -3379 + 6277. List the prime factors of c.
2, 3, 7, 23
Let x = -22443 + 33073. List the prime factors of x.
2, 5, 1063
Let c(n) be the third derivative of -n**6/40 - n**5/20 - n**4/24 + n**3 + n**2 + 7. Let j be (-39)/15 + 4/(-10). List the prime factors of c(j).
3, 7
Suppose 0 = -m - 86 + 87. What are the prime factors of 2 + -7 + m - -174?
2, 5, 17
Let x = -111 + 115. Suppose -5*p = 5*b - 3780, -3*p = -x*p + b + 750. What are the prime factors of p?
3, 251
Suppose -a - 2*h + 4 = -0*h, 2*a + 2*h = 0. Let r(m) = -7*m - 41. Let k(i) = -13*i - 80. Let q(w) = a*k(w) + 7*r(w). What are the prime factors of q(5)?
2, 3
Let s be (-3)/((-9)/6) + -7. Let y be s + 0/(5 - 1). Let i = y + 19. List the prime factors of i.
2, 7
Suppose -14*b + 144 = -10*b. Let k = -9 + b. Suppose 0 = k*s - 32*s + 415. List the prime factors of s.
83
Let q be (2 - 12)/5 + -4. List the prime factors of (-4 + 44 + q)/((-4)/(-58)).
17, 29
Let j = 117256 + -71387. What are the prime factors of j?
45869
Let z(u) = 12*u - 36. Let o be z(3). Suppose o*j + j = 324. What are the prime factors of j?
2, 3
Suppose 3*l - 12*l + 27 = 0. Suppose -l*y + 129 = -660. List the prime factors of y.
263
Suppose 0 = 5*k - 2*o - 27, 2*k - 60 + 46 = 4*o. Suppose -4*i + 4 = 0, -i - 2028 = -k*v + i. What are the prime factors of v?
2, 7, 29
Suppose -5*f + 1220 = 5*h, 0*h = -5*h + f + 1220. Let w(o) = 259 - o - o - h. What are the prime factors of w(3)?
3
Let u = 24 + -22. Let r be 1*-10*(-3)/u. Let j = r - -72. List the prime factors of j.
3, 29
Let k = 25999 - -1814. List the prime factors of k.
3, 73, 127
Suppose 27329166 = -14*j + 185*j + 387*j. What are the prime factors of j?
17, 43, 67
Let x(a) = 460*a + 5095. List the prime factors of x(21).
5, 13, 227
Let d = -16 + 17. Suppose y + d = 314. Let i = y + -193. What are the prime factors of i?
2, 3, 5
Let w = -122661 - -176055. List the prime factors of w.
2, 3, 11, 809
Let c(f) = 2*f - 22. Let z be c(5). List the prime factors of (-97)/((-3)/z - 15/20).
2, 97
Let o = -228 + 239. Suppose 2*m = -o + 13, 3*m - 2136 = -3*w. List the prime factors of w.
3, 79
Suppose -117045 - 2352005 = -95*x. List the prime factors of x.
2, 5, 23, 113
Suppose 81*g - 142*g = -869921. What are the prime factors of g?
13, 1097
Let k(r) = 1740*r**2 + 28*r - 11. What are the prime factors of k(3)?
15733
Suppose 2*s - 3 + 11 = -4*p, 2*p = s. Let v be 12/(2/4 - p). Suppose v*a - 5*a = 4*w + 724, -4*a = 4*w - 1012. List the prime factors of a.
2, 31
Suppose -3*o - 114 - 18 = 0. Suppose 0 = -3*n - 4334 + 4316. Let b = n - o. What are the prime factors of b?
2, 19
Let g(v) = 3*v + 6. Let j be g(-2). Let y be j + 1 - (-68 + -12). Let f = 20 + y. What are the prime factors of f?
101
Suppose 18 - 12 = 3*r. Suppose 0 = -5*f + d + r*d + 5, d + 2 = 2*f. What are the prime factors of (f/(2/(-29)))/((-1)/2)?
29
Let s = 2187 + -1233. Let r = s + -334. What are the prime factors of r?
2, 5, 31
Let m = 371 + 553. Let j be (-37)/(-2) + 56/(-16) + 5. Suppose -x = -4*k + m, 0 = 2*x + 3*x - j. What are the prime factors of k?
2, 29
Let l(m) = -m**3 - 6*m**2 + 7*m + 3. Let t be l(-7). Suppose -4*p - 5*u + 8*u = 543, -t*p - 3*u = 381. List the prime factors of p/11*14/(-4).
2, 3, 7
Let g = 86971 - 53573. List the prime factors of g.
2, 16699
Let i = -30823 + 54358. List the prime factors of i.
3, 5, 523
Let b be -6 - (-20)/5 - -6. Suppose y + b*y = 2695. List the prime factors of y.
7, 11
Suppose -3*f = -860*q + 865*q - 89627, -2*q = 3*f - 35849. List the prime factors of q.
2, 8963
Suppose 2*q + 2*k = 64214, -4*q - 26896 = -k - 155284. What are the prime factors of q?
32099
Let k = 17 + -13. Suppose -k*x = x + 90. What are the prime factors of -56*(-3)/(x/(-15))?
2, 5, 7
Suppose -720928 = -81*m + 1571534. List the prime factors of m.
2, 3, 53, 89
Let m = 19056 - 12945. List the prime factors of m.
3, 7, 97
Suppose -2*i + 41*m = 43*m - 25512, 5*i - 63801 = -2*m. What are the prime factors of i?
12763
Let o(h) = 11*h + 54. Let c be o(17). Suppose c = -3*g + 970. What are the prime factors of g?
3
Let y = 359 + -365. List the prime factors of (-171)/(-3) - 2/y*3.
2, 29
Let z(m) = m**3 + 27*m**2 - 27*m + 32. Let j be z(-28). Suppose -j*h + 1352 = 9*h. What are the prime factors of h?
2, 13
Suppose 0 = 77*d - 75*d + 10. Let h be 177 + d + 2 - -4. Let b = 327 - h. List the prime factors of b.
149
Let d be (-6)/(12/14) - -972. Suppose -25 = 5*a, -a + d = 5*o - 210. What are the prime factors of o?
2, 59
Suppose -4*f + 2604 = 10*f. Suppose -40*r + 9*r + f = 0. List the prime factors of r.
2, 3
Let a(h) = 575*h - 361. List the prime factors of a(10).
17, 317
Let r = 27271 + -15956. List the prime factors of r.
5, 31, 73
Let b(q) = -22 - 32*q - 36 + 41. Suppose -2*v + 2 = 12. What are the prime factors of b(v)?
11, 13
Suppose -7*b - 13 = -34. Suppose -h = b*k - 0*k - 274, -10 = -5*k. List the prime factors of h.
2, 67
Let t = 22 - 19. Let l(u) = -u**3 + 3*u**2 + u. Let m be l(-1). Suppose -t*i = b - 5*i - 3, i = -b + m. What are the prime factors of b?
3
Let k(m) = -83*m - 111. Let v be -3 + 1*-10*(-3)/(-6). List the prime factors of k(v).
7, 79
Let h(k) be the third derivative of 0 + 1/3*k**5 - 5/24*k**4 + 0*k + 1/3*k**3 - 10*k**2. List the prime factors of h(3).
167
What are the prime factors of 879/((-2)/(-854)*(-7)/(-1))?
3, 61, 293
Suppose -o = -4*v + 12, -5*o + 0*v = v + 60. Let x(j) be the second derivative of -3*j**3 - 20*j**2 + 102*j. What are the prime factors of x(o)?
2, 11
Let i(v) = 31*v**2 + 33*v - 1. Let k be i(9). Let h = -1254 + k. List the prime factors of h.
1553
Let b = -4340 + 29780. What are the prime factors of b?
2, 3, 5, 53
Suppose 2*w - 5*j = 95, 0*j = -2*w + j + 91. Let o = 36 + w. Suppose 0 = -5*t - o + 196. List the prime factors of t.
23
Suppose 31*b = 18*b - 12*b + 394525. List the prime factors of b.
43, 367
Suppose 18*b - 8*b + 533156 = 36*b. List the prime factors of b.
2, 10253
Suppose -3*t + 13 = -2*l - 2, -5*t + 27 = -4*l. Let s(u) be the first derivative of -21*u**2 + 19*u - 4. List the prime factors of s(l).
5, 29
Let s(b) = -10*b**2 + 2*b + 4. Let c 